 f = i. List the prime factors of x.
2, 3
Suppose -x + 28 = g + 4*g, 0 = 3*x + 2*g - 19. Suppose -85 = -10*k + 5*k. Suppose -d + 3 = x*h - k, -32 = -3*d - 2*h. What are the prime factors of d?
2
Let c(k) = k**2 + k + 1. Suppose -2*r + 3*n = -5, -3*r = -8*r - 2*n - 16. Let u be c(r). Suppose 36 = -0*p + u*p. List the prime factors of p.
2, 3
Suppose -79 - 219 = -2*q. List the prime factors of q.
149
Let s(t) = 10*t**3 - t**2 + 2*t - 1. What are the prime factors of s(2)?
79
Let h(a) = a**2 + 11*a + 7. Let u be h(-11). Suppose u*q - 4*q - 21 = 0. List the prime factors of q.
7
Let z be (-1)/(((-1)/(-23))/1). Let q = z - -36. List the prime factors of q.
13
Let m(f) = -3 + 0*f + f + 0*f + f. What are the prime factors of m(3)?
3
Suppose -8 = -q - q. Suppose -q*s + 65 = -3. Let h = -6 + s. List the prime factors of h.
11
Let p = -8 - -27. What are the prime factors of p + -1 + -4 + 3?
17
Let o(h) = -2*h + 0 + 0*h**2 - h**2 + 14*h - 10. Let s be o(11). What are the prime factors of 4 - (-1 - (s + 1))?
7
Let t = 53 + -11. Let g = t - 22. What are the prime factors of g?
2, 5
What are the prime factors of (-2 - (-1344)/11) + 46/(-253)?
2, 3, 5
Let o = -26 - -15. Let i(h) = -h**3 + 10*h**2 + 13*h + 6. Let n be i(11). Let x = n + o. What are the prime factors of x?
17
Suppose -3*k + 119 = -40. Let r = k + -36. List the prime factors of r.
17
Let q(r) = -1. Let z(y) = y - 5. Let v(l) = 24*q(l) - 3*z(l). List the prime factors of v(-7).
2, 3
Let j(c) = -4*c - 2*c**2 + 2*c**3 - 2*c + 5*c + 0*c**2 + 1. What are the prime factors of j(2)?
7
Suppose -k = 1, 0 = 5*w + 2*k - 0*k + 7. Let n be 38 + 2/1*w. Suppose 3*y - n = -0*y. What are the prime factors of y?
2, 3
Let d(b) = -b**3 + 5*b - 1. List the prime factors of d(-5).
3, 11
What are the prime factors of (87/(-6))/(1/(-6))?
3, 29
Let s(r) = r**2 + 3*r - 7. Let a be s(-5). Let i = 3 - a. Suppose -2*l + i*l + 12 = 0. List the prime factors of l.
2, 3
Suppose 0 = 5*d - 62 + 2. Let c(z) = -z**2 - 3*z. Let a be c(-4). Let p = a + d. What are the prime factors of p?
2
Suppose 1 = 2*q - 21. Suppose -3*h + 57 = -3*t, -8*t - 1 = h - 4*t. Suppose -2*l = d - 16, -3*l - d = -h - q. What are the prime factors of l?
2, 5
Let x be 1/(-6)*4*3. List the prime factors of x/((-36)/(-21) - 2).
7
Suppose 0 = 2*x - 5*g - 161, -3*g - 92 = -2*x + 75. List the prime factors of x.
2, 11
Let l(h) be the first derivative of 19*h**3/3 - h - 1. Let w = -126 - -125. What are the prime factors of l(w)?
2, 3
Let t = -5 + 5. Suppose -b + 4*b = t. Suppose b = 3*i + 2 - 41. List the prime factors of i.
13
Let q(w) = 2*w**2 - w - 9. Let z be (8/5)/((-4)/(-10)). What are the prime factors of q(z)?
19
Let r = -23 - -61. Suppose r = 5*t + 3*u - 7*u, 0 = -3*u + 9. What are the prime factors of t?
2, 5
Let b = -1 - -22. What are the prime factors of b?
3, 7
Suppose 0 = 4*m + b - 273, b = 2*m - 3*b - 132. What are the prime factors of m?
2, 17
Suppose 4 - 25 = -7*o. What are the prime factors of o?
3
Let u(g) = g**2 + g + 2. Let s = 4 + -7. Let n be (-26)/(-10) + s/5. List the prime factors of u(n).
2
Let j(x) = -2*x**3 - 5*x**2 + 4*x - 1. What are the prime factors of j(-5)?
2, 13
Let t(j) = 6 - 6*j**2 + 6*j**2 - j**3 + j. Suppose 10 + 0 = 4*h + 2*o, -5*h + 4*o = 20. List the prime factors of t(h).
2, 3
Suppose 0*p - 4*p + 8 = 0. Suppose -p*k + 7 = 1. Suppose -k*f + 32 = f. List the prime factors of f.
2
Let y be 1/(-1)*(-1 + -2). Suppose -b + y = -19. What are the prime factors of b?
2, 11
Suppose -y = -69 - 69. What are the prime factors of y?
2, 3, 23
Let c = -2 + 4. Let o = -10 - -13. Suppose -5*m - a + 55 = -2*a, c*a = o*m - 40. What are the prime factors of m?
2, 5
What are the prime factors of (-4113)/(-117) - (-2)/(-13)?
5, 7
Let b = -4 - -5. Let i = 21 - b. Suppose i = x + 3*x. What are the prime factors of x?
5
Let z(g) = 5*g**2. Let x be z(-2). Suppose 0*v - 4*v = -x. List the prime factors of v.
5
Suppose 3*q + 59 = y, -2*y = 2*y + 5*q - 253. List the prime factors of y.
2, 31
Let m be (-1)/(36/(-16) + 2). Suppose 4*d = -m*n + 56, -4*d = -4*n - 22 - 10. What are the prime factors of d?
11
Let f(t) be the second derivative of -t**3/6 + 9*t**2 - 4*t. List the prime factors of f(0).
2, 3
Suppose 0 = 2*c - 3*v - 117, 0 = -4*c - 3*v + 118 + 89. What are the prime factors of c?
2, 3
Let i(y) = -3*y - 1. Let f be i(-1). Let o(s) = s**2 - 5*s. Let q(r) = r**2 - 6*r - 1. Let n(a) = 4*o(a) - 3*q(a). What are the prime factors of n(f)?
3
Let l = -72 + 101. What are the prime factors of l?
29
Suppose -6*l + 810 = -516. List the prime factors of l.
13, 17
Suppose 28 = 4*r - 44. List the prime factors of r.
2, 3
Let k(h) = -h**3 - 2*h**2 - 2*h. Let u be k(-2). Suppose -d + 3*d = u. Suppose -4*b = d*i + 3*i - 73, 0 = i - 5. List the prime factors of b.
2, 3
Let k(g) be the second derivative of -g**4/12 + 3*g**3/2 - g**2/2 - 3*g. List the prime factors of k(8).
7
Let k = 8 - 5. Suppose k*i - 10 = -2*i. Suppose o - 38 = -3*o - i*h, o + 4 = 4*h. What are the prime factors of o?
2
Suppose 3*h = 2*h. Suppose 5*y + h*y + m - 40 = 0, 2 = y - m. Suppose -3*x + y = 1. List the prime factors of x.
2
Let m(r) = -r**2 + 5*r + 5. Let i be m(4). Suppose -3*d = i - 27. What are the prime factors of d?
2, 3
Suppose -230 = -5*w + 4*z, 3*w - 4*z - 162 = -16. List the prime factors of w.
2, 3, 7
Let x(u) = -4*u. Let a be x(-5). Suppose -3*t + 7 + a = 0. What are the prime factors of t?
3
Let v be (-10)/(-25) - 1592/5. Let b be v - (-11 - -2)/3. List the prime factors of ((-4)/(-6))/((-14)/b).
3, 5
Suppose -5*n - 485 = -5*y + 800, -5*n - 273 = -y. What are the prime factors of y?
11, 23
Suppose -25 = -4*u + 7. Let s(q) = 5*q - 9. Let r(v) = -6*v + 9. Let z(m) = 3*r(m) + 4*s(m). What are the prime factors of z(u)?
7
Let k = -9 + 16. Let t(a) = a**2 + 2*a. Let h be t(-2). Let z = h + k. What are the prime factors of z?
7
Let i be (-26)/(-39) + (-4)/(-3). Let n(z) = 3*z**3 + 2*z**2 - z. What are the prime factors of n(i)?
2, 3, 5
Let v(j) = -j**3 - 6*j**2 - 2*j - 2. List the prime factors of v(-7).
61
Let h(w) = -w**2 - 13*w + 16. What are the prime factors of h(-11)?
2, 19
Let v(x) be the third derivative of x**4/24 + 3*x**3/2 + x**2. What are the prime factors of v(-7)?
2
Let o(l) = l**2 + 9*l - 16. Suppose 3*x + 27 + 12 = 0. What are the prime factors of o(x)?
2, 3
Let q be -3 + 2 + -1 + 2. Suppose -3*n + 4*n - 13 = q. What are the prime factors of n?
13
Let z(f) = -35*f**3 - f**2 + f + 2. What are the prime factors of z(-1)?
5, 7
Suppose -2*q - 17 - 3 = -4*h, 24 = 5*h - 2*q. Suppose -h*o + 88 - 20 = 0. List the prime factors of o.
17
Let z = 80 - 37. List the prime factors of z.
43
Suppose -3*x + 8 = x. List the prime factors of (-94)/(-6) + x/(-3).
3, 5
Let u(b) = 3*b - 2. What are the prime factors of u(8)?
2, 11
What are the prime factors of (5 + 13/(-3))*1314/4?
3, 73
Suppose 8*m + 14 = 478. What are the prime factors of m?
2, 29
Let w = 29 - 15. Let k = 23 - w. What are the prime factors of k?
3
Let t = 217 - 149. List the prime factors of t.
2, 17
Let u be (0 - 9)/(1/1). What are the prime factors of (-2)/u - (-102)/27?
2
Let s = -4 - -3. What are the prime factors of (-5)/s + (-1 - 2)?
2
Suppose 115 = -h + 5*h + 3*u, 3*h + 4*u = 88. Suppose 58 = 2*d + d - 4*p, -3*p = d - h. Suppose -5*y - d = -w, 0 = 3*y + 2 + 1. List the prime factors of w.
17
Let k = 2 - 5. Let h be (8 + k)*(2 - 1). Suppose 4*v + 4*c - 48 + 4 = 0, -h*c + 25 = 2*v. What are the prime factors of v?
2, 5
Let c(a) = -a - 3*a + 0*a - 10. What are the prime factors of c(-13)?
2, 3, 7
List the prime factors of ((-9)/(-15) - 1)*-155.
2, 31
Suppose 177 = 2*f + f. List the prime factors of f.
59
Let x = -1 - -94. What are the prime factors of x?
3, 31
Suppose -5*v - 1 = 9. Let s = 4 - v. List the prime factors of s.
2, 3
Let t(k) = -k**3 + 8*k**2 - 7*k - 2. Let r be t(7). Let m = r - -21. List the prime factors of m.
19
Let u = -2 + -1. List the prime factors of 25/1 + (u - -1).
23
Let x = -55 + 112. Suppose 4*i = -i - 2*q + x, -q = -5*i + 69. List the prime factors of i.
13
Suppose -l = 4*h - 0*l - 45, 5*h - l = 45. Suppose -5*x + v = h, 0*x + v - 3 = -2*x. Let a = 2 - x. List the prime factors of a.
3
Let z(v) = -v**3 - 5*v**2 - 5*v - 4. Let b be z(-4). Suppose b = 4*f - 46 + 2. What are the pr